he prime factors of 31295334.
2, 3, 7, 17, 53, 827
What are the prime factors of 156221?
13, 61, 197
What are the prime factors of 7232350?
2, 5, 19, 23, 331
List the prime factors of 14145783.
3, 4715261
What are the prime factors of 4020739?
53, 107, 709
What are the prime factors of 2668171?
11, 22051
What are the prime factors of 174747?
3, 31, 1879
List the prime factors of 18923616.
2, 3, 65707
List the prime factors of 6277017.
3, 157, 13327
List the prime factors of 1550593.
11, 73, 1931
What are the prime factors of 1444630?
2, 5, 11, 23, 571
List the prime factors of 1614819.
3, 137, 3929
What are the prime factors of 99239?
7, 14177
List the prime factors of 1062158.
2, 531079
What are the prime factors of 496870?
2, 5, 11, 4517
List the prime factors of 43545356.
2, 29, 375391
What are the prime factors of 1337359?
1337359
What are the prime factors of 362765?
5, 13, 5581
List the prime factors of 269894.
2, 134947
List the prime factors of 430870.
2, 5, 11, 3917
What are the prime factors of 27713?
7, 37, 107
List the prime factors of 1152321.
3, 384107
List the prime factors of 1917938.
2, 11, 87179
What are the prime factors of 39805?
5, 19, 419
What are the prime factors of 1128435?
3, 5, 7, 11, 977
List the prime factors of 44384.
2, 19, 73
What are the prime factors of 2485451?
17, 146203
List the prime factors of 2609696.
2, 81553
List the prime factors of 539778.
2, 3, 89963
What are the prime factors of 289740?
2, 3, 5, 11, 439
What are the prime factors of 557238?
2, 3, 11, 8443
List the prime factors of 16351540.
2, 5, 181, 4517
List the prime factors of 241468.
2, 17, 53, 67
List the prime factors of 23171661.
3, 1321, 1949
What are the prime factors of 269058?
2, 3, 44843
List the prime factors of 1529367.
3, 7, 19, 3833
What are the prime factors of 258855?
3, 5, 17257
What are the prime factors of 485771?
11, 13, 43, 79
List the prime factors of 111134.
2, 181, 307
List the prime factors of 10842818.
2, 7, 110641
List the prime factors of 93997.
93997
What are the prime factors of 445465?
5, 41, 53
List the prime factors of 297932.
2, 211, 353
List the prime factors of 1487309.
401, 3709
List the prime factors of 1868784.
2, 3, 38933
What are the prime factors of 2237?
2237
List the prime factors of 2526922.
2, 1263461
List the prime factors of 56999.
56999
List the prime factors of 57706.
2, 11, 43, 61
List the prime factors of 2627462.
2, 1313731
List the prime factors of 787345.
5, 13, 12113
What are the prime factors of 327059?
327059
List the prime factors of 17482912.
2, 546341
What are the prime factors of 111330?
2, 3, 5, 1237
What are the prime factors of 834419?
61, 13679
What are the prime factors of 907215?
3, 5, 31, 1951
What are the prime factors of 24115?
5, 7, 13, 53
List the prime factors of 273289.
273289
What are the prime factors of 1423935?
3, 5, 31643
List the prime factors of 5814901.
17, 401, 853
What are the prime factors of 7294103?
919, 7937
What are the prime factors of 5807025?
3, 5, 7, 1229
List the prime factors of 7144252.
2, 149, 11987
List the prime factors of 2526791.
19, 132989
What are the prime factors of 458188?
2, 114547
What are the prime factors of 35224?
2, 7, 17, 37
List the prime factors of 1621.
1621
What are the prime factors of 1790508?
2, 3, 17, 67, 131
List the prime factors of 370944.
2, 3, 7, 23
List the prime factors of 230635.
5, 193, 239
List the prime factors of 2786575.
5, 11, 10133
List the prime factors of 17794.
2, 7, 31, 41
What are the prime factors of 1184129?
1184129
List the prime factors of 951192.
2, 3, 11, 1201
What are the prime factors of 2601475?
5, 104059
List the prime factors of 5129975.
5, 157, 1307
List the prime factors of 1030320.
2, 3, 5, 53
What are the prime factors of 151118?
2, 11, 6869
What are the prime factors of 382523?
179, 2137
What are the prime factors of 83291?
13, 43, 149
What are the prime factors of 6341119?
17, 373007
List the prime factors of 4102263.
3, 11, 3767
What are the prime factors of 2832705?
3, 5, 20983
List the prime factors of 7848995.
5, 7, 11, 19, 29, 37
List the prime factors of 66324.
2, 3, 5527
What are the prime factors of 1450556?
2, 137, 2647
What are the prime factors of 545503?
7, 77929
List the prime factors of 4414273.
811, 5443
What are the prime factors of 112238?
2, 7, 8017
What are the prime factors of 3872525?
5, 191, 811
List the prime factors of 4073635.
5, 79, 10313
List the prime factors of 2046467.
947, 2161
List the prime factors of 311211.
3, 151, 229
What are the prime factors of 32437?
163, 199
List the prime factors of 8805171.
3, 2935057
What are the prime factors of 6991566?
2, 3, 41, 97, 293
What are the prime factors of 134962?
2, 67481
List the prime factors of 307931.
13, 23687
List the prime factors of 9774614.
2, 1523, 3209
List the prime factors of 128458.
2, 11, 5839
What are the prime factors of 232179?
3, 193, 401
What are the prime factors of 625014?
2, 3, 13, 2671
What are the prime factors of 942891?
3, 67, 4691
List the prime factors of 1606571.
29, 55399
What are the prime factors of 4258995?
3, 5, 13, 21841
What are the prime factors of 16349664?
2, 3, 73, 2333
List the prime factors of 228722.
2, 13, 19, 463
What are the prime factors of 3295836?
2, 3, 30517
List the prime factors of 4597369.
7, 277, 2371
What are the prime factors of 5941936?
2, 7, 11, 13, 53
List the prime factors of 1747865.
5, 7, 49939
What are the prime factors of 2545639?
19, 133981
What are the prime factors of 5290532?
2, 13, 101741
What are the prime factors of 14836249?
14836249
List the prime factors of 410265.
3, 5, 1013
What are the prime factors of 1169749?
7, 167107
What are the prime factors of 4324803?
3, 7, 41, 5023
List the prime factors of 748518.
2, 3, 124753
What are the prime factors of 397414?
2, 109, 1823
What are the prime factors of 980249?
980249
List the prime factors of 8132712.
2, 3, 7, 48409
What are the prime factors of 2676507?
3, 892169
List the prime factors of 10905594.
2, 3, 7, 259657
What are the prime factors of 5847878?
2, 503, 5813
What are the prime factors of 3369025?
5, 11, 12251
List the prime factors of 245158.
2, 122579
List the prime factors of 207999.
3, 11, 191
List the prime factors of 31008.
2, 3, 17, 19
List the prime factors of 256511.
199, 1289
What are the prime factors of 708596?
2, 7, 25307
What are the prime factors of 3401070?
2, 3, 5, 73, 1553
List the prime factors of 695430.
2, 3, 5, 7727
List the prime factors of 524209.
7, 74887
What are the prime factors of 234810?
2, 3, 5, 2609
List the prime factors of 3314515.
5, 601, 1103
What are the prime factors of 7985836?
2, 1996459
List the prime factors of 19157643.
3, 19, 23, 4871
List the prime factors of 201381.
3, 19, 3533
What are the prime factors of 7041480?
2, 3, 5, 58679
List the prime factors of 347160.
2, 3, 5, 11, 263
List the prime factors of 2167447.
2167447
What are the prime factors of 69208?
2, 41, 211
List the prime factors of 1467590.
2, 5, 43, 3413
List the prime factors of 20783372.
2, 29, 179167
List the prime factors of 1812423.
3, 23, 26267
List the prime factors of 275273.
151, 1823
What are the prime factors of 1391722?
2, 17, 40933
What are the prime factors of 2716882?
2, 7, 47, 4129
What are the prime factors of 40508?
2, 13, 19, 41
List the prime factors of 7474594.
2, 17, 191, 1151
List the prime factors of 296530.
2, 5, 13, 2281
List the prime factors of 24143063.
7, 239, 14431
What are the prime factors of 3078250?
2, 5, 7, 1759
List the prime factors of 218991.
3, 72997
What are the prime factors of 243516?
2, 3, 7, 13, 223
What are the prime factors of 2368824?
2, 3, 89, 1109
What are the prime factors of 3671704?
2, 458963
What are the prime factors of 3342663?
3, 137, 2711
What are the prime factors of 1920005?
5, 384001
List the prime factors of 32898.
2, 3, 5483
List the prime factors of 388491.
3, 129497
List the prime factors of 944525.
5, 37781
What are the prime factors of 1114238?
2, 29, 19211
List the prime factors of 33359743.
103, 163, 1987
What are the prime factors of 4756200?
2, 3, 5, 7927
What are the prime factors of 774877?
17, 19, 2399
List the prime factors of 401999.
13, 17, 107
List the prime factors of 406323.
3, 101, 149
What